{"id":24,"date":"2020-10-29T16:25:51","date_gmt":"2020-10-29T15:25:51","guid":{"rendered":"http:\/\/wp13457063.server-he.de\/sub\/erich-und-dina\/?page_id=24"},"modified":"2025-04-24T11:11:27","modified_gmt":"2025-04-24T09:11:27","slug":"meine-grosseltern","status":"publish","type":"page","link":"http:\/\/wp13457063.server-he.de\/sub\/erich-und-dina\/titelseite\/meine-grosseltern\/","title":{"rendered":"Prolog"},"content":{"rendered":"\n<p><em>Basis dieses Magazins bilden die 1980 niedergeschriebenen Erinnerungen und Erlebnisse Erich Die\u00dfners, erg\u00e4nzt durch eigene Erinnerungen und medial aufgearbeitet von seinem Enkel Klaus Sommermeyer<\/em>.<\/p>\n\n\n\n<p><a href=\"http:\/\/wp13457063.server-he.de\/sub\/erich-und-dina\/erich-diessner\/\" data-type=\"page\" data-id=\"981\">Friedrich Erich Die\u00dfner<\/a>, geboren am 25. November 1895 in S\u00e4rka im K\u00f6nigreich Sachsen und <a href=\"http:\/\/wp13457063.server-he.de\/sub\/erich-und-dina\/christine-schmoll\/\" data-type=\"page\" data-id=\"983\">Christine (genannt Dina) Schmoll<\/a>, geboren am 16. Januar 1896 in Breisig in der Rheinprovinz des K\u00f6nigreiches Preu\u00dfen, heirateten am 17. Mai 1919 im S\u00e4chsischen in Kotitz bei Wei\u00dfenberg.<br>Im gleichen Jahr \u00fcbernahmen und kauften sie in Gera, der Residenzstadt des F\u00fcrstentums Reu\u00df j\u00fcngere Linie das Sport- und Jagdwaffen Gesch\u00e4ft Richard Fischer Jr. mit dem Wohn- und Gesch\u00e4ftshaus in der damaligen Zeppelinstr. 16 (heute Rudolf-Diener-Str.).<br>Dort wurden auch ihre beiden T\u00f6chter Erika (25.11.1923) und Anneliese (05.11.1926) geboren.<br>Das Gesch\u00e4ft sicherte ihnen ihre Existenz bis zum Jahre 1946. Nachdem die Amerikaner, die Gera am 14. April 1945 befreiten, u. a. Waffen, Munition, seltene Sammlerst\u00fccken u.v.m. entwendeten und den privaten PKW requirierten, stellten die Russen, die am 2. Juli 1945 in Gera einr\u00fcckten, das Gesch\u00e4ft 1946 unter <a rel=\"noreferrer noopener\" href=\"https:\/\/wirtschaftslexikon.gabler.de\/definition\/sequester-46697\" target=\"_blank\">Sequester<\/a> und im Sommer 1948 wurde durch die Exekutive des zwischenzeitlich gegr\u00fcndeten Landes Th\u00fcringen, das Gesch\u00e4ft sowie das Wohn- und Gesch\u00e4ftshaus enteignet.<br>Sie mussten aus der Zeppelinstr. ausziehen und sich auch eine neue Existenz suchen bzw. aufbauen.<\/p>\n\n\n\n<div class=\"wp-block-columns is-layout-flex wp-container-core-columns-is-layout-9d6595d7 wp-block-columns-is-layout-flex\">\n<div class=\"wp-block-column is-layout-flow wp-block-column-is-layout-flow\" style=\"flex-basis:100%\">\n<div class=\"wp-block-columns is-layout-flex wp-container-core-columns-is-layout-9d6595d7 wp-block-columns-is-layout-flex\">\n<div class=\"wp-block-column is-layout-flow wp-block-column-is-layout-flow\">\n<p>In einer beispielhaften Vita baute sich Erich nach dem Krieg eine neue Existenz f\u00fcr sich und seine Familie mit dem Z\u00e4hlger\u00e4te Werk auf. Ihre \u00e4lteste Tochter Erika war ihm dabei die unersetzliche Person an seiner Seite, auf die er sich voll verlassen konnte. Sein Erfolg war auch ihr Erfolg.<br>Als im April 1972 Erich sein Lebenswerk an den Staat verkaufen musste, umfasste der Betrieb mit Sitz in der Untermh\u00e4user Schellingstr. 6 mehrere Betriebsteile in und um Gera mit ca. 120 Besch\u00e4ftigten. Gedacht war, dass seine beiden Enkel das Unternehmen nach Abschluss ihres Studiums im Fr\u00fchjahr 1972 weiter f\u00fchren sollten. Wie gesagt, gedacht &#8230;<\/p>\n\n\n<div class=\"wp-block-image is-style-default\">\n<figure class=\"alignright size-large is-resized\"><img fetchpriority=\"high\" decoding=\"async\" width=\"1024\" height=\"737\" src=\"http:\/\/wp13457063.server-he.de\/sub\/erich-und-dina\/wp-content\/uploads\/2022\/02\/1965_Schellingstr_6-2-1024x737.jpg\" alt=\"\" class=\"wp-image-3624\" style=\"width:561px;height:403px\" srcset=\"http:\/\/wp13457063.server-he.de\/sub\/erich-und-dina\/wp-content\/uploads\/2022\/02\/1965_Schellingstr_6-2-1024x737.jpg 1024w, http:\/\/wp13457063.server-he.de\/sub\/erich-und-dina\/wp-content\/uploads\/2022\/02\/1965_Schellingstr_6-2-300x216.jpg 300w, http:\/\/wp13457063.server-he.de\/sub\/erich-und-dina\/wp-content\/uploads\/2022\/02\/1965_Schellingstr_6-2-768x553.jpg 768w, http:\/\/wp13457063.server-he.de\/sub\/erich-und-dina\/wp-content\/uploads\/2022\/02\/1965_Schellingstr_6-2-1536x1106.jpg 1536w, http:\/\/wp13457063.server-he.de\/sub\/erich-und-dina\/wp-content\/uploads\/2022\/02\/1965_Schellingstr_6-2-2048x1474.jpg 2048w, http:\/\/wp13457063.server-he.de\/sub\/erich-und-dina\/wp-content\/uploads\/2022\/02\/1965_Schellingstr_6-2-580x417.jpg 580w, http:\/\/wp13457063.server-he.de\/sub\/erich-und-dina\/wp-content\/uploads\/2022\/02\/1965_Schellingstr_6-2-860x619.jpg 860w, http:\/\/wp13457063.server-he.de\/sub\/erich-und-dina\/wp-content\/uploads\/2022\/02\/1965_Schellingstr_6-2-1160x835.jpg 1160w\" sizes=\"(max-width: 1024px) 100vw, 1024px\" \/><figcaption class=\"wp-element-caption\">das Z\u00e4hlger\u00e4tewerk in der Geraer Schellingstr. 6<\/figcaption><\/figure>\n<\/div>\n\n\n<p>Im Jahre 1944 feierten Erich und Dina ihr Silberne und im Jahre 1969 ihre Goldene Hochzeit. Nur wenige Monate vor der Eisernen Hochzeit verstarb Dina in der Silvester Nacht 1978\/79 um 2 Uhr im Waldklinikum Gera am ersten Tag des neuen Jahres.<br>Erich starb 13 Jahre sp\u00e4ter im 97. Lebensjahr am fr\u00fchen, lauen Sommerabend des 19. Juli 1992 in seinem Haus auf der Hammelburg im Kreise seiner Familie.<br>Sie haben noch als Kinder bzw. Jugendliche die &#8222;Friedenszeit&#8220; zum Anfang des 20. Jahrhunderts erlebt. Beide mussten den 1. genauso wie den 2. Weltkrieg durchstehen, in 2 Diktaturen und der Besatzungszeit galt es, sich zu arrangieren (gegebenenfalls auch zu angaschieren!?) und durch zu kommen.<br>Erich erlebte noch die beginnende Wiedergutmachung in den ersten Jahren des wieder vereinten Deutschlands. Die eigentliche Entsch\u00e4digung f\u00fcr seine zwei Unternehmen:<br><br>&#8211; <strong>Richard Fischer Jr. Hofb\u00fcchsenmacher, Inh. Erich Die\u00dfner<\/strong><br>und<br>&#8211; <strong>Die\u00dfner Z\u00e4hlger\u00e4tewerk KG<\/strong><br><br>erlebte er nicht mehr, aber er wusste um sie. Diese sollte vom Bundestag erst Jahre sp\u00e4ter gesetzlich geregelt werden; die Auszahlung der Entsch\u00e4digungen erfolgte erst im Jahre 2000 (f\u00fcr das Z\u00e4hlger\u00e4tewerk) und 2011 (f\u00fcr die B\u00fcchsenmacherei).<br>F\u00fcnf unterschiedliche Staatsformen durchlebten Dina und Erich im Laufe ihres Lebens gemeinsam, Erich dann nach der Wende die sechste!<br>Was f\u00fcr eine bewegte Zeit.<\/p>\n\n\n\n<p>Dabei wurde die jeweils alte Form der Administration mit der Arroganz der NEUEN abgel\u00f6st, JETZT wird alles GUT, gleichsam das gesellschaftliche Paradies bricht aus. Wie hatte Scheidemann vom Fenster des Reichstages am 9.11.1918 ausgerufen: &#8222;Das Alte und Morsche &#8230; ist zusammengebrochen&#8220;. So einen Neuanfang, wie im Herbst 1918 erleben Dina und Erich insgesamt noch 3 mal gemeinsam, Erich sogar ein 4. mal. Und immer:<br>Jetzt wird alles besser!<\/p>\n\n\n\n<p>Ist es jedes Mal so gekommen, wie die selbsternannten Propheten es deklariert hatten? <br>MITNICHTEN!<br>Wir k\u00f6nnen im Leben nur zur\u00fcckschauen, in die Zukunft ist uns der Blick verwehrt. &#8222;<em>Die einzige Quelle des Wissens ist die Erfahrung.<\/em>&#8220; (Albert Einstein)<br>Das NEUE birgt immer einen gewissen Zauber in sich, aber es kommt auf die Nachhaltigkeit an. Und da gab es schon einige b\u00f6se Verl\u00e4ufe, wenn man nur an die Nazizeit denkt oder an die Besatzungszeit, die existenzzerst\u00f6rende. Lange Zeit w\u00e4hnte man sich in der DDR &#8222;der Zukunft zugewandt&#8220;. Aber die Arroganz der Bestimmer der Arbeiter- und Bauernmacht sorgte f\u00fcr den eigenen Untergang. Ja, so gar die Bundesrepublik wartete mit &#8222;\u00dcberraschungen&#8220; auf, die wir noch in tiefster DDR-Zeit nicht f\u00fcr m\u00f6glich gehalten h\u00e4tten, einfach f\u00fcr den Westen uns gestritten h\u00e4tten, dass so was nie passieren w\u00fcrde, so was undenkbar w\u00e4re. Die Rede ist von den ungekl\u00e4rten Eigentumsverh\u00e4ltnissen beim Untergang der DDR und dem Versprechen <a href=\"https:\/\/de.wikipedia.org\/wiki\/Helmut_Kohl\" target=\"_blank\" rel=\"noreferrer noopener\">Helmut Kohls<\/a> &#8222;R\u00fcckgabe vor Entsch\u00e4digung&#8220; (aber dazu im Kapitel<a href=\"http:\/\/in-der-bundesrepublik\/\"> <\/a><a href=\"http:\/\/wp13457063.server-he.de\/sub\/erich-und-dina\/in-der-bundesrepublik\/\">&#8222;Bundesrepublik Deutschland&#8220;<\/a> mehr). Dieses wurde schneller gebrochen, als man denken konnte.<\/p>\n\n\n\n<div style=\"height:31px\" aria-hidden=\"true\" class=\"wp-block-spacer\"><\/div>\n\n\n\n<p>Die Texte wurden u. a. vom Jonathan eingesprochen.<br>Zitate sind Erichs Erinnerungen von 1980 entnommen<br>Fehlen bei Fotos\/Dokumente\/Schriftst\u00fccke die Quellenangaben, sind diese aus dem Familienbesitz.<\/p>\n<\/div>\n<\/div>\n<\/div>\n<\/div>\n\n\n\n<p><\/p>\n","protected":false},"excerpt":{"rendered":"<p>Basis dieses Magazins bilden die 1980 niedergeschriebenen Erinnerungen und Erlebnisse Erich Die\u00dfners, erg\u00e4nzt durch eigene Erinnerungen und medial aufgearbeitet von seinem Enkel Klaus Sommermeyer. Friedrich Erich Die\u00dfner, geboren am 25. November 1895 in S\u00e4rka im K\u00f6nigreich Sachsen und Christine (genannt Dina) Schmoll, geboren am 16. Januar 1896 in Breisig in der Rheinprovinz des K\u00f6nigreiches Preu\u00dfen,&#8230;<\/p>\n","protected":false},"author":1,"featured_media":0,"parent":3755,"menu_order":2,"comment_status":"closed","ping_status":"closed","template":"","meta":{"footnotes":""},"class_list":["post-24","page","type-page","status-publish","hentry"],"_links":{"self":[{"href":"http:\/\/wp13457063.server-he.de\/sub\/erich-und-dina\/wp-json\/wp\/v2\/pages\/24","targetHints":{"allow":["GET"]}}],"collection":[{"href":"http:\/\/wp13457063.server-he.de\/sub\/erich-und-dina\/wp-json\/wp\/v2\/pages"}],"about":[{"href":"http:\/\/wp13457063.server-he.de\/sub\/erich-und-dina\/wp-json\/wp\/v2\/types\/page"}],"author":[{"embeddable":true,"href":"http:\/\/wp13457063.server-he.de\/sub\/erich-und-dina\/wp-json\/wp\/v2\/users\/1"}],"replies":[{"embeddable":true,"href":"http:\/\/wp13457063.server-he.de\/sub\/erich-und-dina\/wp-json\/wp\/v2\/comments?post=24"}],"version-history":[{"count":203,"href":"http:\/\/wp13457063.server-he.de\/sub\/erich-und-dina\/wp-json\/wp\/v2\/pages\/24\/revisions"}],"predecessor-version":[{"id":7007,"href":"http:\/\/wp13457063.server-he.de\/sub\/erich-und-dina\/wp-json\/wp\/v2\/pages\/24\/revisions\/7007"}],"up":[{"embeddable":true,"href":"http:\/\/wp13457063.server-he.de\/sub\/erich-und-dina\/wp-json\/wp\/v2\/pages\/3755"}],"wp:attachment":[{"href":"http:\/\/wp13457063.server-he.de\/sub\/erich-und-dina\/wp-json\/wp\/v2\/media?parent=24"}],"curies":[{"name":"wp","href":"https:\/\/api.w.org\/{rel}","templated":true}]}}

<p><em>Basis dieses Magazins bilden die 1980 niedergeschriebenen Erinnerungen und Erlebnisse Erich Dießners, ergänzt durch eigene Erinnerungen und medial aufgearbeitet von seinem Enkel Klaus Sommermeyer</em>.</p>



<p><a href="http://wp13457063.server-he.de/sub/erich-und-dina/erich-diessner/" data-type="page" data-id="981">Friedrich Erich Dießner</a>, geboren am 25. November 1895 in Särka im Königreich Sachsen und <a href="http://wp13457063.server-he.de/sub/erich-und-dina/christine-schmoll/" data-type="page" data-id="983">Christine (genannt Dina) Schmoll</a>, geboren am 16. Januar 1896 in Breisig in der Rheinprovinz des Königreiches Preußen, heirateten am 17. Mai 1919 im Sächsischen in Kotitz bei Weißenberg.<br>Im gleichen Jahr übernahmen und kauften sie in Gera, der Residenzstadt des Fürstentums Reuß jüngere Linie das Sport- und Jagdwaffen Geschäft Richard Fischer Jr. mit dem Wohn- und Geschäftshaus in der damaligen Zeppelinstr. 16 (heute Rudolf-Diener-Str.).<br>Dort wurden auch ihre beiden Töchter Erika (25.11.1923) und Anneliese (05.11.1926) geboren.<br>Das Geschäft sicherte ihnen ihre Existenz bis zum Jahre 1946. Nachdem die Amerikaner, die Gera am 14. April 1945 befreiten, u. a. Waffen, Munition, seltene Sammlerstücken u.v.m. entwendeten und den privaten PKW requirierten, stellten die Russen, die am 2. Juli 1945 in Gera einrückten, das Geschäft 1946 unter <a rel="noreferrer noopener" href="https://wirtschaftslexikon.gabler.de/definition/sequester-46697" target="_blank">Sequester</a> und im Sommer 1948 wurde durch die Exekutive des zwischenzeitlich gegründeten Landes Thüringen, das Geschäft sowie das Wohn- und Geschäftshaus enteignet.<br>Sie mussten aus der Zeppelinstr. ausziehen und sich auch eine neue Existenz suchen bzw. aufbauen.</p>



<div class="wp-block-columns is-layout-flex wp-container-core-columns-is-layout-9d6595d7 wp-block-columns-is-layout-flex">
<div class="wp-block-column is-layout-flow wp-block-column-is-layout-flow" style="flex-basis:100%">
<div class="wp-block-columns is-layout-flex wp-container-core-columns-is-layout-9d6595d7 wp-block-columns-is-layout-flex">
<div class="wp-block-column is-layout-flow wp-block-column-is-layout-flow">
<p>In einer beispielhaften Vita baute sich Erich nach dem Krieg eine neue Existenz für sich und seine Familie mit dem Zählgeräte Werk auf. Ihre älteste Tochter Erika war ihm dabei die unersetzliche Person an seiner Seite, auf die er sich voll verlassen konnte. Sein Erfolg war auch ihr Erfolg.<br>Als im April 1972 Erich sein Lebenswerk an den Staat verkaufen musste, umfasste der Betrieb mit Sitz in der Untermhäuser Schellingstr. 6 mehrere Betriebsteile in und um Gera mit ca. 120 Beschäftigten. Gedacht war, dass seine beiden Enkel das Unternehmen nach Abschluss ihres Studiums im Frühjahr 1972 weiter führen sollten. Wie gesagt, gedacht &#8230;</p>


<div class="wp-block-image is-style-default">
<figure class="alignright size-large is-resized"><img fetchpriority="high" decoding="async" width="1024" height="737" src="http://wp13457063.server-he.de/sub/erich-und-dina/wp-content/uploads/2022/02/1965_Schellingstr_6-2-1024x737.jpg" alt="" class="wp-image-3624" style="width:561px;height:403px" srcset="http://wp13457063.server-he.de/sub/erich-und-dina/wp-content/uploads/2022/02/1965_Schellingstr_6-2-1024x737.jpg 1024w, http://wp13457063.server-he.de/sub/erich-und-dina/wp-content/uploads/2022/02/1965_Schellingstr_6-2-300x216.jpg 300w, http://wp13457063.server-he.de/sub/erich-und-dina/wp-content/uploads/2022/02/1965_Schellingstr_6-2-768x553.jpg 768w, http://wp13457063.server-he.de/sub/erich-und-dina/wp-content/uploads/2022/02/1965_Schellingstr_6-2-1536x1106.jpg 1536w, http://wp13457063.server-he.de/sub/erich-und-dina/wp-content/uploads/2022/02/1965_Schellingstr_6-2-2048x1474.jpg 2048w, http://wp13457063.server-he.de/sub/erich-und-dina/wp-content/uploads/2022/02/1965_Schellingstr_6-2-580x417.jpg 580w, http://wp13457063.server-he.de/sub/erich-und-dina/wp-content/uploads/2022/02/1965_Schellingstr_6-2-860x619.jpg 860w, http://wp13457063.server-he.de/sub/erich-und-dina/wp-content/uploads/2022/02/1965_Schellingstr_6-2-1160x835.jpg 1160w" sizes="(max-width: 1024px) 100vw, 1024px" /><figcaption class="wp-element-caption">das Zählgerätewerk in der Geraer Schellingstr. 6</figcaption></figure>
</div>


<p>Im Jahre 1944 feierten Erich und Dina ihr Silberne und im Jahre 1969 ihre Goldene Hochzeit. Nur wenige Monate vor der Eisernen Hochzeit verstarb Dina in der Silvester Nacht 1978/79 um 2 Uhr im Waldklinikum Gera am ersten Tag des neuen Jahres.<br>Erich starb 13 Jahre später im 97. Lebensjahr am frühen, lauen Sommerabend des 19. Juli 1992 in seinem Haus auf der Hammelburg im Kreise seiner Familie.<br>Sie haben noch als Kinder bzw. Jugendliche die &#8222;Friedenszeit&#8220; zum Anfang des 20. Jahrhunderts erlebt. Beide mussten den 1. genauso wie den 2. Weltkrieg durchstehen, in 2 Diktaturen und der Besatzungszeit galt es, sich zu arrangieren (gegebenenfalls auch zu angaschieren!?) und durch zu kommen.<br>Erich erlebte noch die beginnende Wiedergutmachung in den ersten Jahren des wieder vereinten Deutschlands. Die eigentliche Entschädigung für seine zwei Unternehmen:<br><br>&#8211; <strong>Richard Fischer Jr. Hofbüchsenmacher, Inh. Erich Dießner</strong><br>und<br>&#8211; <strong>Dießner Zählgerätewerk KG</strong><br><br>erlebte er nicht mehr, aber er wusste um sie. Diese sollte vom Bundestag erst Jahre später gesetzlich geregelt werden; die Auszahlung der Entschädigungen erfolgte erst im Jahre 2000 (für das Zählgerätewerk) und 2011 (für die Büchsenmacherei).<br>Fünf unterschiedliche Staatsformen durchlebten Dina und Erich im Laufe ihres Lebens gemeinsam, Erich dann nach der Wende die sechste!<br>Was für eine bewegte Zeit.</p>



<p>Dabei wurde die jeweils alte Form der Administration mit der Arroganz der NEUEN abgelöst, JETZT wird alles GUT, gleichsam das gesellschaftliche Paradies bricht aus. Wie hatte Scheidemann vom Fenster des Reichstages am 9.11.1918 ausgerufen: &#8222;Das Alte und Morsche &#8230; ist zusammengebrochen&#8220;. So einen Neuanfang, wie im Herbst 1918 erleben Dina und Erich insgesamt noch 3 mal gemeinsam, Erich sogar ein 4. mal. Und immer:<br>Jetzt wird alles besser!</p>



<p>Ist es jedes Mal so gekommen, wie die selbsternannten Propheten es deklariert hatten? <br>MITNICHTEN!<br>Wir können im Leben nur zurückschauen, in die Zukunft ist uns der Blick verwehrt. &#8222;<em>Die einzige Quelle des Wissens ist die Erfahrung.</em>&#8220; (Albert Einstein)<br>Das NEUE birgt immer einen gewissen Zauber in sich, aber es kommt auf die Nachhaltigkeit an. Und da gab es schon einige böse Verläufe, wenn man nur an die Nazizeit denkt oder an die Besatzungszeit, die existenzzerstörende. Lange Zeit wähnte man sich in der DDR &#8222;der Zukunft zugewandt&#8220;. Aber die Arroganz der Bestimmer der Arbeiter- und Bauernmacht sorgte für den eigenen Untergang. Ja, so gar die Bundesrepublik wartete mit &#8222;Überraschungen&#8220; auf, die wir noch in tiefster DDR-Zeit nicht für möglich gehalten hätten, einfach für den Westen uns gestritten hätten, dass so was nie passieren würde, so was undenkbar wäre. Die Rede ist von den ungeklärten Eigentumsverhältnissen beim Untergang der DDR und dem Versprechen <a href="https://de.wikipedia.org/wiki/Helmut_Kohl" target="_blank" rel="noreferrer noopener">Helmut Kohls</a> &#8222;Rückgabe vor Entschädigung&#8220; (aber dazu im Kapitel<a href="http://in-der-bundesrepublik/"> </a><a href="http://wp13457063.server-he.de/sub/erich-und-dina/in-der-bundesrepublik/">&#8222;Bundesrepublik Deutschland&#8220;</a> mehr). Dieses wurde schneller gebrochen, als man denken konnte.</p>



<div style="height:31px" aria-hidden="true" class="wp-block-spacer"></div>



<p>Die Texte wurden u. a. vom Jonathan eingesprochen.<br>Zitate sind Erichs Erinnerungen von 1980 entnommen<br>Fehlen bei Fotos/Dokumente/Schriftstücke die Quellenangaben, sind diese aus dem Familienbesitz.</p>
</div>
</div>
</div>
</div>



<p></p>

<p>Basis dieses Magazins bilden die 1980 niedergeschriebenen Erinnerungen und Erlebnisse Erich Dießners, ergänzt durch eigene Erinnerungen und medial aufgearbeitet von seinem Enkel Klaus Sommermeyer. Friedrich Erich Dießner, geboren am 25. November 1895 in Särka im Königreich Sachsen und Christine (genannt Dina) Schmoll, geboren am 16. Januar 1896 in Breisig in der Rheinprovinz des Königreiches Preußen,&#8230;</p>
