{"id":948,"date":"2021-03-17T10:30:05","date_gmt":"2021-03-17T09:30:05","guid":{"rendered":"http:\/\/wp13457063.server-he.de\/sub\/erich-und-dina\/?page_id=948"},"modified":"2024-05-28T14:28:02","modified_gmt":"2024-05-28T12:28:02","slug":"die-bundesrepublik-deutschland","status":"publish","type":"page","link":"http:\/\/wp13457063.server-he.de\/sub\/erich-und-dina\/die-bundesrepublik-deutschland\/","title":{"rendered":"Bundesrepublik Deutschland"},"content":{"rendered":"\n<p>Die &#8222;Bundesrepublik Deutschland ist ein&nbsp;<a rel=\"noreferrer noopener\" href=\"https:\/\/de.wikipedia.org\/wiki\/Bundesstaat_(F%C3%B6deraler_Staat)\" target=\"_blank\">Bundesstaat<\/a>&nbsp;in&nbsp;<a href=\"https:\/\/de.wikipedia.org\/wiki\/Mitteleuropa\">Mitteleuropa<\/a>.&nbsp;Er besteht seit 1990 aus 16&nbsp;<a rel=\"noreferrer noopener\" href=\"https:\/\/de.wikipedia.org\/wiki\/Land_(Deutschland)\" target=\"_blank\">L\u00e4ndern<\/a>&nbsp;und ist als&nbsp;<a rel=\"noreferrer noopener\" href=\"https:\/\/de.wikipedia.org\/wiki\/Freiheitliche_demokratische_Grundordnung\" target=\"_blank\">freiheitlich-demokratischer<\/a>&nbsp;und&nbsp;<a rel=\"noreferrer noopener\" href=\"https:\/\/de.wikipedia.org\/wiki\/Sozialstaat\" target=\"_blank\">sozialer<\/a><a href=\"https:\/\/de.wikipedia.org\/wiki\/Rechtsstaat\"> <\/a><a rel=\"noreferrer noopener\" href=\"https:\/\/de.wikipedia.org\/wiki\/Rechtsstaat\" target=\"_blank\">Rechtsstaat<\/a><a href=\"https:\/\/de.wikipedia.org\/wiki\/Grundgesetz_f%C3%BCr_die_Bundesrepublik_Deutschland\">verfasst<\/a>. Die 1949 gegr\u00fcndete Bundesrepublik Deutschland stellt die j\u00fcngste Auspr\u00e4gung des&nbsp;<a rel=\"noreferrer noopener\" href=\"https:\/\/de.wikipedia.org\/wiki\/Deutsche\" target=\"_blank\">deutschen<\/a><a rel=\"noreferrer noopener\" href=\"https:\/\/de.wikipedia.org\/wiki\/Nationalstaat\" target=\"_blank\"> Nationalstaates<\/a>&nbsp;dar.&nbsp;<a rel=\"noreferrer noopener\" href=\"https:\/\/de.wikipedia.org\/wiki\/Bundeshauptstadt#Deutschland\" target=\"_blank\">Bundeshauptstadt<\/a>&nbsp;und&nbsp;<a rel=\"noreferrer noopener\" href=\"https:\/\/de.wikipedia.org\/wiki\/Regierungssitz\" target=\"_blank\">Regierungssitz<\/a>&nbsp;ist&nbsp;<a href=\"https:\/\/de.wikipedia.org\/wiki\/Berlin\">Berlin<\/a>. Deutschland hat 83&nbsp;Millionen Einwohner und z\u00e4hlt bei einer Fl\u00e4che von 357.582 Quadratkilometern mit durchschnittlich 233&nbsp;Einwohnern pro Quadratkilometer zu den&nbsp;<a rel=\"noreferrer noopener\" href=\"https:\/\/de.wikipedia.org\/wiki\/Bev%C3%B6lkerungsdichte\" target=\"_blank\">dicht besiedelten<\/a>&nbsp;Fl\u00e4chenstaaten.&#8220;<\/p>\n\n\n\n<p>Die&nbsp;<strong>deutsche Nationalhymne<\/strong>&nbsp;besteht seit 1991 aus der dritten Strophe des&nbsp;<em><a href=\"https:\/\/de.wikipedia.org\/wiki\/Lied_der_Deutschen\" target=\"_blank\" rel=\"noreferrer noopener\">Liedes der Deutschen<\/a><\/em>&nbsp;von&nbsp;<a href=\"https:\/\/de.wikipedia.org\/wiki\/August_Heinrich_Hoffmann_von_Fallersleben\" target=\"_blank\" rel=\"noreferrer noopener\">August Heinrich Hoffmann von Fallersleben<\/a>. Die Melodie entstammt der alten \u00f6sterreichischen&nbsp;<em><a href=\"https:\/\/de.wikipedia.org\/wiki\/Kaiserlied\" target=\"_blank\" rel=\"noreferrer noopener\">Kaiserhymne<\/a><\/em>&nbsp;von&nbsp;<a href=\"https:\/\/de.wikipedia.org\/wiki\/Joseph_Haydn\">Joseph Haydn<\/a>, komponiert 1796\/97.<br>1952 wurde als Nationalhymne in der Bundesrepublik diese dritte Strophe eingef\u00fchrt.<\/p>\n\n\n\n<figure class=\"wp-block-audio\"><audio controls src=\"http:\/\/wp13457063.server-he.de\/sub\/erich-und-dina\/wp-content\/uploads\/2020\/11\/Deutsche-Nationalhymne.mp3\"><\/audio><\/figure>\n\n\n\n<div class=\"wp-block-image is-style-default\"><figure class=\"alignright size-medium is-resized\"><img decoding=\"async\" src=\"http:\/\/wp13457063.server-he.de\/sub\/erich-und-dina\/wp-content\/uploads\/2021\/03\/Coat_of_arms_of_Germany.svg_-231x300.png\" alt=\"\" class=\"wp-image-1188\" width=\"116\" height=\"150\" srcset=\"http:\/\/wp13457063.server-he.de\/sub\/erich-und-dina\/wp-content\/uploads\/2021\/03\/Coat_of_arms_of_Germany.svg_-231x300.png 231w, http:\/\/wp13457063.server-he.de\/sub\/erich-und-dina\/wp-content\/uploads\/2021\/03\/Coat_of_arms_of_Germany.svg_-788x1024.png 788w, http:\/\/wp13457063.server-he.de\/sub\/erich-und-dina\/wp-content\/uploads\/2021\/03\/Coat_of_arms_of_Germany.svg_-768x998.png 768w, http:\/\/wp13457063.server-he.de\/sub\/erich-und-dina\/wp-content\/uploads\/2021\/03\/Coat_of_arms_of_Germany.svg_-580x754.png 580w, http:\/\/wp13457063.server-he.de\/sub\/erich-und-dina\/wp-content\/uploads\/2021\/03\/Coat_of_arms_of_Germany.svg_.png 800w\" sizes=\"(max-width: 116px) 100vw, 116px\" \/><\/figure><\/div>\n\n\n\n<div class=\"wp-block-image is-style-default\"><figure class=\"alignright size-medium is-resized\"><img decoding=\"async\" src=\"http:\/\/wp13457063.server-he.de\/sub\/erich-und-dina\/wp-content\/uploads\/2020\/11\/BRD-300x241.png\" alt=\"\" class=\"wp-image-539\" width=\"225\" height=\"181\" srcset=\"http:\/\/wp13457063.server-he.de\/sub\/erich-und-dina\/wp-content\/uploads\/2020\/11\/BRD-300x241.png 300w, http:\/\/wp13457063.server-he.de\/sub\/erich-und-dina\/wp-content\/uploads\/2020\/11\/BRD.png 479w\" sizes=\"(max-width: 225px) 100vw, 225px\" \/><\/figure><\/div>\n\n\n\n<p>zitiert aus Wikipedia<\/p>\n\n\n\n<p><\/p>\n","protected":false},"excerpt":{"rendered":"<p>Die &#8222;Bundesrepublik Deutschland ist ein&nbsp;Bundesstaat&nbsp;in&nbsp;Mitteleuropa.&nbsp;Er besteht seit 1990 aus 16&nbsp;L\u00e4ndern&nbsp;und ist als&nbsp;freiheitlich-demokratischer&nbsp;und&nbsp;sozialer Rechtsstaatverfasst. Die 1949 gegr\u00fcndete Bundesrepublik Deutschland stellt die j\u00fcngste Auspr\u00e4gung des&nbsp;deutschen Nationalstaates&nbsp;dar.&nbsp;Bundeshauptstadt&nbsp;und&nbsp;Regierungssitz&nbsp;ist&nbsp;Berlin. Deutschland hat 83&nbsp;Millionen Einwohner und z\u00e4hlt bei einer Fl\u00e4che von 357.582 Quadratkilometern mit durchschnittlich 233&nbsp;Einwohnern pro Quadratkilometer zu den&nbsp;dicht besiedelten&nbsp;Fl\u00e4chenstaaten.&#8220; Die&nbsp;deutsche Nationalhymne&nbsp;besteht seit 1991 aus der dritten Strophe des&nbsp;Liedes der Deutschen&nbsp;von&nbsp;August&#8230;<\/p>\n","protected":false},"author":1,"featured_media":0,"parent":0,"menu_order":0,"comment_status":"closed","ping_status":"closed","template":"","meta":{"footnotes":""},"class_list":["post-948","page","type-page","status-publish","hentry"],"_links":{"self":[{"href":"http:\/\/wp13457063.server-he.de\/sub\/erich-und-dina\/wp-json\/wp\/v2\/pages\/948","targetHints":{"allow":["GET"]}}],"collection":[{"href":"http:\/\/wp13457063.server-he.de\/sub\/erich-und-dina\/wp-json\/wp\/v2\/pages"}],"about":[{"href":"http:\/\/wp13457063.server-he.de\/sub\/erich-und-dina\/wp-json\/wp\/v2\/types\/page"}],"author":[{"embeddable":true,"href":"http:\/\/wp13457063.server-he.de\/sub\/erich-und-dina\/wp-json\/wp\/v2\/users\/1"}],"replies":[{"embeddable":true,"href":"http:\/\/wp13457063.server-he.de\/sub\/erich-und-dina\/wp-json\/wp\/v2\/comments?post=948"}],"version-history":[{"count":17,"href":"http:\/\/wp13457063.server-he.de\/sub\/erich-und-dina\/wp-json\/wp\/v2\/pages\/948\/revisions"}],"predecessor-version":[{"id":3816,"href":"http:\/\/wp13457063.server-he.de\/sub\/erich-und-dina\/wp-json\/wp\/v2\/pages\/948\/revisions\/3816"}],"wp:attachment":[{"href":"http:\/\/wp13457063.server-he.de\/sub\/erich-und-dina\/wp-json\/wp\/v2\/media?parent=948"}],"curies":[{"name":"wp","href":"https:\/\/api.w.org\/{rel}","templated":true}]}}

<p>Die &#8222;Bundesrepublik Deutschland ist ein&nbsp;<a rel="noreferrer noopener" href="https://de.wikipedia.org/wiki/Bundesstaat_(F%C3%B6deraler_Staat)" target="_blank">Bundesstaat</a>&nbsp;in&nbsp;<a href="https://de.wikipedia.org/wiki/Mitteleuropa">Mitteleuropa</a>.&nbsp;Er besteht seit 1990 aus 16&nbsp;<a rel="noreferrer noopener" href="https://de.wikipedia.org/wiki/Land_(Deutschland)" target="_blank">Ländern</a>&nbsp;und ist als&nbsp;<a rel="noreferrer noopener" href="https://de.wikipedia.org/wiki/Freiheitliche_demokratische_Grundordnung" target="_blank">freiheitlich-demokratischer</a>&nbsp;und&nbsp;<a rel="noreferrer noopener" href="https://de.wikipedia.org/wiki/Sozialstaat" target="_blank">sozialer</a><a href="https://de.wikipedia.org/wiki/Rechtsstaat"> </a><a rel="noreferrer noopener" href="https://de.wikipedia.org/wiki/Rechtsstaat" target="_blank">Rechtsstaat</a><a href="https://de.wikipedia.org/wiki/Grundgesetz_f%C3%BCr_die_Bundesrepublik_Deutschland">verfasst</a>. Die 1949 gegründete Bundesrepublik Deutschland stellt die jüngste Ausprägung des&nbsp;<a rel="noreferrer noopener" href="https://de.wikipedia.org/wiki/Deutsche" target="_blank">deutschen</a><a rel="noreferrer noopener" href="https://de.wikipedia.org/wiki/Nationalstaat" target="_blank"> Nationalstaates</a>&nbsp;dar.&nbsp;<a rel="noreferrer noopener" href="https://de.wikipedia.org/wiki/Bundeshauptstadt#Deutschland" target="_blank">Bundeshauptstadt</a>&nbsp;und&nbsp;<a rel="noreferrer noopener" href="https://de.wikipedia.org/wiki/Regierungssitz" target="_blank">Regierungssitz</a>&nbsp;ist&nbsp;<a href="https://de.wikipedia.org/wiki/Berlin">Berlin</a>. Deutschland hat 83&nbsp;Millionen Einwohner und zählt bei einer Fläche von 357.582 Quadratkilometern mit durchschnittlich 233&nbsp;Einwohnern pro Quadratkilometer zu den&nbsp;<a rel="noreferrer noopener" href="https://de.wikipedia.org/wiki/Bev%C3%B6lkerungsdichte" target="_blank">dicht besiedelten</a>&nbsp;Flächenstaaten.&#8220;</p>



<p>Die&nbsp;<strong>deutsche Nationalhymne</strong>&nbsp;besteht seit 1991 aus der dritten Strophe des&nbsp;<em><a href="https://de.wikipedia.org/wiki/Lied_der_Deutschen" target="_blank" rel="noreferrer noopener">Liedes der Deutschen</a></em>&nbsp;von&nbsp;<a href="https://de.wikipedia.org/wiki/August_Heinrich_Hoffmann_von_Fallersleben" target="_blank" rel="noreferrer noopener">August Heinrich Hoffmann von Fallersleben</a>. Die Melodie entstammt der alten österreichischen&nbsp;<em><a href="https://de.wikipedia.org/wiki/Kaiserlied" target="_blank" rel="noreferrer noopener">Kaiserhymne</a></em>&nbsp;von&nbsp;<a href="https://de.wikipedia.org/wiki/Joseph_Haydn">Joseph Haydn</a>, komponiert 1796/97.<br>1952 wurde als Nationalhymne in der Bundesrepublik diese dritte Strophe eingeführt.</p>



<figure class="wp-block-audio"><audio controls src="http://wp13457063.server-he.de/sub/erich-und-dina/wp-content/uploads/2020/11/Deutsche-Nationalhymne.mp3"></audio></figure>



<div class="wp-block-image is-style-default"><figure class="alignright size-medium is-resized"><img decoding="async" src="http://wp13457063.server-he.de/sub/erich-und-dina/wp-content/uploads/2021/03/Coat_of_arms_of_Germany.svg_-231x300.png" alt="" class="wp-image-1188" width="116" height="150" srcset="http://wp13457063.server-he.de/sub/erich-und-dina/wp-content/uploads/2021/03/Coat_of_arms_of_Germany.svg_-231x300.png 231w, http://wp13457063.server-he.de/sub/erich-und-dina/wp-content/uploads/2021/03/Coat_of_arms_of_Germany.svg_-788x1024.png 788w, http://wp13457063.server-he.de/sub/erich-und-dina/wp-content/uploads/2021/03/Coat_of_arms_of_Germany.svg_-768x998.png 768w, http://wp13457063.server-he.de/sub/erich-und-dina/wp-content/uploads/2021/03/Coat_of_arms_of_Germany.svg_-580x754.png 580w, http://wp13457063.server-he.de/sub/erich-und-dina/wp-content/uploads/2021/03/Coat_of_arms_of_Germany.svg_.png 800w" sizes="(max-width: 116px) 100vw, 116px" /></figure></div>



<div class="wp-block-image is-style-default"><figure class="alignright size-medium is-resized"><img decoding="async" src="http://wp13457063.server-he.de/sub/erich-und-dina/wp-content/uploads/2020/11/BRD-300x241.png" alt="" class="wp-image-539" width="225" height="181" srcset="http://wp13457063.server-he.de/sub/erich-und-dina/wp-content/uploads/2020/11/BRD-300x241.png 300w, http://wp13457063.server-he.de/sub/erich-und-dina/wp-content/uploads/2020/11/BRD.png 479w" sizes="(max-width: 225px) 100vw, 225px" /></figure></div>



<p>zitiert aus Wikipedia</p>



<p></p>

<p>Die &#8222;Bundesrepublik Deutschland ist ein&nbsp;Bundesstaat&nbsp;in&nbsp;Mitteleuropa.&nbsp;Er besteht seit 1990 aus 16&nbsp;Ländern&nbsp;und ist als&nbsp;freiheitlich-demokratischer&nbsp;und&nbsp;sozialer Rechtsstaatverfasst. Die 1949 gegründete Bundesrepublik Deutschland stellt die jüngste Ausprägung des&nbsp;deutschen Nationalstaates&nbsp;dar.&nbsp;Bundeshauptstadt&nbsp;und&nbsp;Regierungssitz&nbsp;ist&nbsp;Berlin. Deutschland hat 83&nbsp;Millionen Einwohner und zählt bei einer Fläche von 357.582 Quadratkilometern mit durchschnittlich 233&nbsp;Einwohnern pro Quadratkilometer zu den&nbsp;dicht besiedelten&nbsp;Flächenstaaten.&#8220; Die&nbsp;deutsche Nationalhymne&nbsp;besteht seit 1991 aus der dritten Strophe des&nbsp;Liedes der Deutschen&nbsp;von&nbsp;August&#8230;</p>
